{"id":5,"date":"2010-12-15T11:01:35","date_gmt":"2010-12-15T11:01:35","guid":{"rendered":"http:\/\/localhost\/siggipalli.is\/?page_id=5"},"modified":"2022-10-20T02:06:21","modified_gmt":"2022-10-20T02:06:21","slug":"um","status":"publish","type":"page","link":"https:\/\/siggipalli.is\/","title":{"rendered":"Um"},"content":{"rendered":"<div class=\"wp-block-image\">\n<figure class=\"alignright\"><a href=\"http:\/\/siggipalli.is\/wp-content\/uploads\/2010\/12\/siggipalli.jpg\"><img loading=\"lazy\" decoding=\"async\" width=\"337\" height=\"258\" src=\"http:\/\/siggipalli.is\/wp-content\/uploads\/2010\/12\/siggipalli.jpg\" alt=\"\" class=\"wp-image-64\" title=\"siggipalli\"\/><\/a><\/figure>\n<\/div>\n\n\n<p>Siggi Palli er f\u00e6ddur 1968 \u00ed Reykjav\u00edk og er uppalinn \u00fear. Hann lauk st\u00fadentspr\u00f3fi fr\u00e1 Menntask\u00f3lanum \u00ed Reykjav\u00edk og s\u00f3tti s\u00ed\u00f0an \u00fdmis n\u00e1mskei\u00f0 \u00ed myndlist. Hann gekk \u00ed Myndlista- og hand\u00ed\u00f0ask\u00f3la \u00cdslands fr\u00e1 1990 til 1991 og t\u00f3k s\u00ed\u00f0an kennarapr\u00f3f fr\u00e1 Kennarah\u00e1sk\u00f3la \u00cdslands vori\u00f0 1998. Siggi Palli hefur teikna\u00f0, lita\u00f0 og m\u00e1la\u00f0 s\u00ed\u00f0an hann man eftir s\u00e9r. \u00c1\u00f0ur vann hann mest vatnslitamyndir en hefur veri\u00f0 a\u00f0 pr\u00f3fa \u00fdmsa t\u00e6kni \u00ed gegnum t\u00ed\u00f0ina. Undanfarin \u00e1r hefur hann mest unni\u00f0 me\u00f0 akr\u00fdlm\u00e1lningu \u00e1 striga. Myndirnar segir hann a\u00f0 flokkist l\u00edklega helst undir popp\/grafit\u00ed-list. Hann notar miki\u00f0 bjarta grunnliti og st\u00f3ra fleti og vill a\u00f0 myndirnar s\u00ednar veki vi\u00f0br\u00f6g\u00f0 og athygli. Hann s\u00e6kir hugmyndir s\u00ednar \u00ed f\u00f3lki\u00f0 \u00fati \u00e1 g\u00f6tu, veggjakrot \u00far \u00fdmsum \u00e1ttum og andst\u00e6\u00f0ur \u00far umhverfinu. \u00deessu blandar hann s\u00ed\u00f0an \u00f6llu saman og reynir a\u00f0 n\u00e1 heild \u00ed myndirnar. \u00dev\u00ed eru engar tv\u00e6r myndir eins, hver mynd er s\u00f3tt \u00far sinni \u00e1ttinni og lifir sj\u00e1lfst\u00e6\u00f0u l\u00edfi.<\/p>\n","protected":false},"excerpt":{"rendered":"<p>Siggi Palli er f\u00e6ddur 1968 \u00ed Reykjav\u00edk og er uppalinn \u00fear. Hann lauk st\u00fadentspr\u00f3fi fr\u00e1 Menntask\u00f3lanum \u00ed Reykjav\u00edk og s\u00f3tti s\u00ed\u00f0an \u00fdmis n\u00e1mskei\u00f0 \u00ed myndlist. Hann gekk \u00ed Myndlista- og hand\u00ed\u00f0ask\u00f3la \u00cdslands fr\u00e1 1990 til 1991 og t\u00f3k s\u00ed\u00f0an kennarapr\u00f3f &hellip; <a href=\"https:\/\/siggipalli.is\/\">Continue reading <span class=\"meta-nav\">&rarr;<\/span><\/a><\/p>\n","protected":false},"author":1,"featured_media":0,"parent":0,"menu_order":0,"comment_status":"closed","ping_status":"closed","template":"","meta":{"ngg_post_thumbnail":0,"footnotes":""},"class_list":["post-5","page","type-page","status-publish","hentry"],"_links":{"self":[{"href":"https:\/\/siggipalli.is\/index.php?rest_route=\/wp\/v2\/pages\/5","targetHints":{"allow":["GET"]}}],"collection":[{"href":"https:\/\/siggipalli.is\/index.php?rest_route=\/wp\/v2\/pages"}],"about":[{"href":"https:\/\/siggipalli.is\/index.php?rest_route=\/wp\/v2\/types\/page"}],"author":[{"embeddable":true,"href":"https:\/\/siggipalli.is\/index.php?rest_route=\/wp\/v2\/users\/1"}],"replies":[{"embeddable":true,"href":"https:\/\/siggipalli.is\/index.php?rest_route=%2Fwp%2Fv2%2Fcomments&post=5"}],"version-history":[{"count":13,"href":"https:\/\/siggipalli.is\/index.php?rest_route=\/wp\/v2\/pages\/5\/revisions"}],"predecessor-version":[{"id":393,"href":"https:\/\/siggipalli.is\/index.php?rest_route=\/wp\/v2\/pages\/5\/revisions\/393"}],"wp:attachment":[{"href":"https:\/\/siggipalli.is\/index.php?rest_route=%2Fwp%2Fv2%2Fmedia&parent=5"}],"curies":[{"name":"wp","href":"https:\/\/api.w.org\/{rel}","templated":true}]}}