{"id":10,"date":"2010-12-15T11:03:49","date_gmt":"2010-12-15T11:03:49","guid":{"rendered":"http:\/\/localhost\/siggipalli.is\/?page_id=10"},"modified":"2011-09-02T11:32:33","modified_gmt":"2011-09-02T11:32:33","slug":"syningar","status":"publish","type":"page","link":"https:\/\/siggipalli.is\/?page_id=10","title":{"rendered":"S\u00fdningar"},"content":{"rendered":"<p><strong>Kaffi S\u00f3lon<\/strong><br \/>\n31. mars &#8211; 27. apr\u00edl 2006<\/p>\n<p><strong>Galler\u00ed Gel<\/strong><br \/>\n29. mars &#8211; 9. ma\u00ed 2007<\/p>\n<p><strong>Thorvaldsen<\/strong><br \/>\n1. ma\u00ed &#8211; 29. ma\u00ed 2007<\/p>\n<p><strong>Babal\u00fa<\/strong><br \/>\n1. \u00e1g\u00fast &#8211; 31. \u00e1g\u00fast 2007<\/p>\n<p><strong>Saltf\u00e9lagi\u00f0<\/strong><br \/>\n17.\u00e1g\u00fast &#8211; 17.sept 2008<\/p>\n<p><strong>Kaffi S\u00f3lon<\/strong><br \/>\n2. apr\u00edl &#8211; 28. ma\u00ed 2009<\/p>\n<p><strong>Reykjav\u00edk Pizza Company<\/strong><br \/>\n4. j\u00fan\u00ed &#8211; 18. \u00e1g\u00fast 2009<\/p>\n<p><strong><strong>La Luna<\/strong><br \/>\n<\/strong>20. \u00e1g\u00fast &#8211; 24. september 2011<strong><\/strong><\/p>\n<p>&nbsp;<\/p>\n","protected":false},"excerpt":{"rendered":"<p>Kaffi S\u00f3lon 31. mars &#8211; 27. apr\u00edl 2006 Galler\u00ed Gel 29. mars &#8211; 9. ma\u00ed 2007 Thorvaldsen 1. ma\u00ed &#8211; 29. ma\u00ed 2007 Babal\u00fa 1. \u00e1g\u00fast &#8211; 31. \u00e1g\u00fast 2007 Saltf\u00e9lagi\u00f0 17.\u00e1g\u00fast &#8211; 17.sept 2008 Kaffi S\u00f3lon 2. apr\u00edl &#8211; &hellip; <a href=\"https:\/\/siggipalli.is\/?page_id=10\">Continue reading <span class=\"meta-nav\">&rarr;<\/span><\/a><\/p>\n","protected":false},"author":1,"featured_media":0,"parent":0,"menu_order":0,"comment_status":"closed","ping_status":"closed","template":"","meta":{"ngg_post_thumbnail":0,"footnotes":""},"class_list":["post-10","page","type-page","status-publish","hentry"],"_links":{"self":[{"href":"https:\/\/siggipalli.is\/index.php?rest_route=\/wp\/v2\/pages\/10","targetHints":{"allow":["GET"]}}],"collection":[{"href":"https:\/\/siggipalli.is\/index.php?rest_route=\/wp\/v2\/pages"}],"about":[{"href":"https:\/\/siggipalli.is\/index.php?rest_route=\/wp\/v2\/types\/page"}],"author":[{"embeddable":true,"href":"https:\/\/siggipalli.is\/index.php?rest_route=\/wp\/v2\/users\/1"}],"replies":[{"embeddable":true,"href":"https:\/\/siggipalli.is\/index.php?rest_route=%2Fwp%2Fv2%2Fcomments&post=10"}],"version-history":[{"count":9,"href":"https:\/\/siggipalli.is\/index.php?rest_route=\/wp\/v2\/pages\/10\/revisions"}],"predecessor-version":[{"id":274,"href":"https:\/\/siggipalli.is\/index.php?rest_route=\/wp\/v2\/pages\/10\/revisions\/274"}],"wp:attachment":[{"href":"https:\/\/siggipalli.is\/index.php?rest_route=%2Fwp%2Fv2%2Fmedia&parent=10"}],"curies":[{"name":"wp","href":"https:\/\/api.w.org\/{rel}","templated":true}]}}